 What is the units digit of a?
3
What is the ten thousands digit of 120*(18/2 - 6531/(-63))?
1
Suppose -9*k - 11584 = -11*k. Suppose -2*z + 10*z = k. What is the hundreds digit of z?
7
Let c = -20 - -41. Suppose 4*q - c = -z, 2*z = 5*z - q - 63. What is the tens digit of -19*9/2*(-14)/z?
5
Let b(k) = 1857*k**3 - 4*k**2 - 175*k + 176. What is the hundreds digit of b(1)?
8
Let x = 14952 + 18451. What is the tens digit of x?
0
Let t(v) = 23*v**3 + v**2 - 4*v + 4. Let o be t(2). Let n = -303 - -203. Let h = n + o. What is the tens digit of h?
8
Let q(l) = 1442*l + 1052. What is the ten thousands digit of q(13)?
1
Let t(h) = -h**3 - 15*h**2 + 42*h - 10. Let a = 2 - 20. What is the units digit of t(a)?
6
Suppose 15*v - v = -6*v + 208060. What is the thousands digit of v?
0
Let m(d) = -190*d + 76. Let g be m(3). Let q = 968 + g. What is the units digit of q?
4
Suppose -5*h + 6*w = w - 3560, 5*h + w = 3542. Let x = -625 + h. What is the tens digit of x?
8
Suppose 0 = 4*r + 3*f - 22, r - 4*f = 3*r - 6. Let l be ((-12)/(-42) - 2/r) + 30. Suppose -4*o - l = -5*o. What is the tens digit of o?
3
Suppose -189*h + 191*h = -q + 16704, -2*q = 5*h - 41763. What is the tens digit of h?
5
Suppose -48 - 30 = -7*y + 293. Let k = -167 - -317. Let h = k - y. What is the units digit of h?
7
Suppose -92*f - 13838 = -2*h - 90*f, 4*h + 2*f - 27706 = 0. What is the hundreds digit of h?
9
Let u be (15/10)/(9/3000). Let t = -198 + u. Suppose -9*v + 7*v + t = 0. What is the units digit of v?
1
Suppose c - 112 = -0*k - k, 2*k = -4*c + 440. What is the units digit of (c + 15)*4/1?
2
Let h(y) = y - 2. Let p be h(2). Let r(u) = -3*u + 58. What is the tens digit of r(p)?
5
Let c = 14 - 10. Suppose 21 = 3*u - 5*d, 60*d = -2*u + 55*d - 11. Suppose 0 = -2*y - k + 103, -u*y + k = c*k - 109. What is the units digit of y?
0
Let x be 4/(-7)*49/14. Let b be x/(((-32)/220)/4). Let i = 128 + b. What is the tens digit of i?
8
Suppose 81*y - 89775 = -14*y. What is the hundreds digit of y?
9
Let l(o) = 2*o - 1. Let s be l(7). Suppose -1302 = -s*h + 2468. What is the tens digit of h?
9
Suppose d + d - 8 = 0. Suppose d = -2*r + 12. Suppose -u + 2*s + 21 = -0*u, -r*u + s + 77 = 0. What is the units digit of u?
9
Let t = 105 - 114. What is the units digit of (8 - 0) + t - 150/(-2)?
4
Let o = -733 + 1383. Let a = o - 366. What is the tens digit of a?
8
Suppose 6*u + 397 - 427 = 0. Suppose 4*j = -2*s + 2*j + 192, s + u*j = 116. What is the units digit of s?
1
Let v be (9/6)/(1/28). What is the hundreds digit of 6811/9 - v/(-189)?
7
Let v = -157 + 274. Let y = -940 + 1005. Suppose -y - v = -2*r. What is the units digit of r?
1
Let b(d) = 484*d + 133. What is the units digit of b(6)?
7
Let u = -196 + -70. What is the tens digit of ((-2)/(-9) - u/(-63))*-6?
2
Let j = 74 + -78. What is the units digit of -3 + 5643/36 - 1/j?
4
Let o(r) = -r + 12. Let d be o(-5). Suppose -d*u = -179 - 994. What is the tens digit of u?
6
What is the tens digit of (-20)/7 + 3/(-21) + (3819 - -20)?
3
Suppose -x - 112 = -3*x. What is the tens digit of ((-18)/4)/((x/7)/(-176))?
9
Suppose 5*p - 43 = -3*g, -5*g - 5*p + 65 = -0*g. Let x(i) = 13*i + 20 + 11 - g*i. What is the units digit of x(8)?
7
Let z(t) = 15*t**2 + 21*t + 83. Let a be z(-9). Let m = a - 798. What is the hundreds digit of m?
3
Suppose -2767 = 5*u + 2148. Let f = -561 - u. What is the units digit of f?
2
Let f = 592 + -601. Let s(u) = -19*u - 18. What is the hundreds digit of s(f)?
1
Suppose 0 = 3*z + a - 57, -4*z = -z - a - 51. Suppose -z = -5*h + 32. Suppose i = -x + h, 5 + 3 = x + 2*i. What is the units digit of x?
2
Let p be 10/(0 - -1 - (12 + -13)). Suppose 4*m = -p*o + 102, 17*o - 88 = -3*m + 19*o. What is the tens digit of m?
2
Suppose -645*o + 650*o = -40, 3379 = 3*t + o. What is the thousands digit of t?
1
Let g(p) = -p**3 - 41*p**2 + 34*p - 97. What is the tens digit of g(-42)?
3
Suppose 3*l = 4*m - 9, -m - m = l + 3. Suppose -2*b + 0*p = -5*p - 105, m = 4*b + 4*p - 224. What is the units digit of b?
5
Let y be 0/(0 - 1/(-1)). Let w(i) be the second derivative of -i**4/12 + i**3/3 + 20*i**2 + 15*i. What is the units digit of w(y)?
0
What is the thousands digit of (((-1233)/6)/3)/(22/(-33*28))?
2
Let j = -14 - -8. Let v(f) = 0*f**3 - 14*f**2 - 5*f - 74299 - 3*f**3 + 74290. What is the tens digit of v(j)?
6
Let q = -144 + 141. What is the hundreds digit of ((-56)/70)/(-1*q/(-870))?
2
Let z(g) = -g**3 + 3*g**2. Suppose -6*a - 3 = -7*a. Let o be z(a). Suppose -2*f + 5 = -h + 1, o = -2*h - 5*f + 28. What is the units digit of h?
4
Suppose -16*v - 136642 = -27*v - 0*v. What is the tens digit of v?
2
What is the hundreds digit of (-3270)/(-2) + 7/(35/(-15))?
6
Let m(b) = 840*b + 3507. What is the units digit of m(5)?
7
Let q(f) = 2*f**2 - 3*f + 1. Let w be q(2). Suppose 4*m + 3*n = 0, n = w*m - 0*m - 13. Suppose m*b - 212 = 49. What is the units digit of b?
7
Suppose 11*c - 18*c = -98693. Suppose -c + 42083 = 33*r. What is the tens digit of r?
4
Suppose 3603 - 13899 = -11*w. Suppose w = 2*i - 5*y, 4*i + 3*y - 1905 = -33. What is the tens digit of i?
6
Suppose 4*z = -z - 230. Let u be 258/((1 - 1) + 2). Let o = z + u. What is the units digit of o?
3
Let j(t) = 614 - 5*t - 539 + 52*t. What is the tens digit of j(11)?
9
Suppose -16*f + 432 = 1568. Let v = 386 - f. What is the tens digit of v?
5
Let u = -40 - -43. Suppose -u*c - 25 = -8*c. Suppose -2*d = -c*y + 99, -4*y + 5*d = -y - 67. What is the tens digit of y?
1
Let z be ((-9)/3 - -4)*5. Suppose s + 23 = 5*y + 2, 5*y - z = 5*s. Suppose -5*i = -y*a - 961 + 276, 4*i = -4*a + 572. What is the tens digit of i?
4
Let q = 21 + -17. Suppose -q*i = 2*i - 18. Suppose i*c = 348 - 90. What is the tens digit of c?
8
Suppose 0 = -3*a - 6, 7*p + 3*a - 14472 = p. What is the tens digit of p?
1
Let x(q) = 3*q + 14. Let m be x(-6). Let c be (m/(-3))/(4/204). Let u = 72 - c. What is the units digit of u?
4
Let x(u) = 2087*u + 4401. What is the tens digit of x(10)?
7
Let o(u) = -337*u. Let t(j) = -j - 1. Let i(b) = -o(b) + 4*t(b). What is the hundreds digit of i(1)?
3
Let b = -3296 - -12021. What is the tens digit of b?
2
Let z be 0 + 632 - (-8 - -8). Let n = z + -429. What is the hundreds digit of n?
2
Let k(j) = -4*j + 207. Let o be k(-6). Let t = 278 - o. What is the units digit of t?
7
Suppose 0 = 2*h - 2*l - 0*l, h + 2*l = 15. Suppose 14*v + t = 15*v + 8, 2*v - h*t + 22 = 0. Let j = 90 + v. What is the tens digit of j?
8
Let p(o) = -10*o + 54. Let i be p(5). Suppose -1476 = -i*z - 112. What is the hundreds digit of z?
3
Suppose v + 16 = 1. Let c(n) = -9*n + 27. Let w be c(10). What is the tens digit of (-2013)/v + 4 + w/15?
3
Let s be 3 + 27/(-5) + 6/(-10). Let m be s*(-2 - (2 + -3)). Suppose -m*j = -789 + 168. What is the tens digit of j?
0
Let v(l) = -7*l - 2. Suppose 27 = -5*y + 17. What is the units digit of v(y)?
2
Let g(l) be the first derivative of l**4/2 - 16*l**3/3 - 5*l**2 - 2*l - 22. Let k be g(9). What is the units digit of 1928/10 - 56/k?
2
Let v(c) = 1205*c + 43. What is the tens digit of v(4)?
6
Let m be 2/20 - 714/140. What is the units digit of -1 + m/(-15) + (-5758)/(-6)?
9
Let c(h) = h**3 + 6*h**2 - h + 6. Let j be c(-7). Suppose 75*x - 67*x = -56. What is the tens digit of 5*(x + 4 + (2 - j))?
7
Let v(r) = -2*r. Let k be v(-1). Let m(y) = -y**2 + 190*y + 386. Let x be m(-2). Suppose 3*t = -k*t + x*b + 588, 5*b - 5 = 0. What is the units digit of t?
8
What is the tens digit of ((-51142)/8)/(-7) + 13/(-52)?
1
Let w = -337 + 548. Let z = 267 - w. What is the units digit of z?
6
Suppose -69278 - 9405 = -22*x + 78529. What is the units digit of x?
6
Suppose -5362 = -3*v + 5*j, 0 = -v + 5*j + 1241 + 553. Suppose -f + 3*f - v = 0. What is the hundreds digit of f?
8
Suppose 3*d = d + 114. Let s = -44 + d. Suppose -s + 94 = r. What is the units digit of r?
1
Suppose x - 5 = -0*i - i, i - 3*x = -3. Suppose 3*d - 7*d - 3*j + 14 = 0, -2*d + i*j - 2 = 0. What is the tens digit of (-1*d)/(66/69 - 1)?
4
Suppose 0 = -2*d - 6*f + 3*f + 39, 5*d = 4*f + 63. Let o = d + -11. Suppose 0 = 2*i - 4*b - 10, 4*b = -8*i + o*i + 20. What is the units digit of i?
5
Suppose 426*p - 442*p = -530288. What is the thousands digit of p?
3
Let g(i) = -7*i**2 + 678*i - 45. What is the hundreds digit of g(94)?
8
Suppose 7*i - 4*i + 6